-28
-331 (base 7) to base 13
-100
0 (base 16) to base 8
0
What is b (base 16) in base 8?
13
Convert 89 (base 12) to base 16.
69
-4 (base 9) to base 8
-4
15 (base 15) to base 13
17
Convert 1a (base 15) to base 2.
11001
-10 (base 2) to base 9
-2
5 (base 9) to base 2
101
353 (base 6) to base 9
166
Convert -505 (base 6) to base 11.
-159
-6 (base 12) to base 10
-6
What is -6 (base 11) in base 2?
-110
What is 10011 (base 2) in base 7?
25
What is -5 (base 6) in base 5?
-10
3 (base 16) to base 2
11
What is 1 (base 14) in base 16?
1
What is 204 (base 6) in base 16?
4c
31 (base 16) to base 15
34
-5 (base 16) to base 3
-12
What is 3b (base 13) in base 7?
101
What is 0 (base 5) in base 11?
0
What is 6 (base 13) in base 16?
6
Convert 2 (base 12) to base 15.
2
Convert 3 (base 7) to base 16.
3
What is 0 (base 2) in base 13?
0
-19 (base 16) to base 13
-1c
11 (base 2) to base 8
3
-9 (base 11) to base 7
-12
What is -1 (base 6) in base 3?
-1
2 (base 13) to base 6
2
What is 1001 (base 2) in base 11?
9
Convert -2 (base 3) to base 6.
-2
22 (base 9) to base 15
15
What is -35 (base 12) in base 2?
-101001
115 (base 9) to base 14
6b
Convert 1011 (base 4) to base 11.
63
12 (base 10) to base 14
c
Convert -3 (base 13) to base 7.
-3
Convert -14 (base 15) to base 16.
-13
-4 (base 6) to base 11
-4
What is 30 (base 6) in base 5?
33
-cc (base 13) to base 12
-120
1c (base 16) to base 14
20
6 (base 9) to base 15
6
Convert 4 (base 11) to base 12.
4
What is 110000 (base 2) in base 8?
60
62 (base 7) to base 14
32
What is 1b (base 14) in base 8?
31
Convert -6 (base 10) to base 11.
-6
What is -5 (base 9) in base 8?
-5
-554 (base 7) to base 3
-101112
Convert 101 (base 2) to base 9.
5
Convert 10 (base 2) to base 15.
2
What is 4 (base 14) in base 10?
4
Convert -210 (base 3) to base 15.
-16
-37 (base 11) to base 3
-1111
Convert 6 (base 16) to base 6.
10
Convert -16 (base 12) to base 7.
-24
What is -20 (base 8) in base 2?
-10000
What is 2b (base 12) in base 7?
50
-1 (base 15) to base 9
-1
0 (base 13) to base 16
0
102 (base 4) to base 5
33
What is -2 (base 10) in base 12?
-2
What is 8a (base 13) in base 16?
72
Convert 4 (base 6) to base 8.
4
What is 130 (base 5) in base 14?
2c
Convert 0 (base 14) to base 12.
0
What is 22101 (base 3) in base 4?
3202
What is -1d (base 14) in base 11?
-25
Convert -92 (base 14) to base 13.
-9b
Convert 111100 (base 2) to base 11.
55
37 (base 10) to base 4
211
23 (base 11) to base 6
41
Convert 20 (base 10) to base 13.
17
What is 8 (base 10) in base 12?
8
-4 (base 5) to base 7
-4
What is -100 (base 2) in base 6?
-4
Convert 11 (base 11) to base 16.
c
14 (base 14) to base 6
30
What is 37 (base 14) in base 7?
100
What is 10 (base 4) in base 12?
4
Convert 152 (base 8) to base 12.
8a
18 (base 10) to base 16
12
-112 (base 4) to base 16
-16
36 (base 8) to base 5
110
3 (base 11) to base 7
3
-124 (base 13) to base 4
-3013
Convert -a0 (base 16) to base 10.
-160
13 (base 6) to base 10
9
Convert -66 (base 7) to base 2.
-110000
What is -10 (base 3) in base 10?
-3
245 (base 6) to base 13
7a
Convert 19 (base 13) to base 2.
10110
-10 (base 7) to base 3
-21
What is 1 (base 13) in base 10?
1
What is 1 (base 5) in base 7?
1
-4 (base 9) to base 6
-4
Convert -1 (base 3) to base 12.
-1
What is 10001101 (base 2) in base 12?
b9
Convert 100000 (base 2) to base 14.
24
Convert -11 (base 3) to base 7.
-4
What is 3 (base 16) in base 3?
10
What is -4 (base 12) in base 9?
-4
What is 20 (base 5) in base 15?
a
Convert -75 (base 8) to base 3.
-2021
-55 (base 16) to base 4
-1111
Convert -127 (base 8) to base 15.
-5c
What is -1 (base 5) in base 12?
-1
Convert -3 (base 12) to base 10.
-3
What is 0 (base 9) in base 5?
0
-2 (base 11) to base 15
-2
What is -1041 (base 5) in base 9?
-172
Convert -31 (base 5) to base 11.
-15
-4 (base 7) to base 12
-4
3 (base 15) to base 2
11
20 (base 3) to base 4
12
-42 (base 8) to base 14
-26
What is -2 (base 4) in base 15?
-2
What is -2 (base 12) in base 14?
-2
What is -2a (base 16) in base 7?
-60
What is -3 (base 6) in base 3?
-10
Convert -33 (base 5) to base 14.
-14
Convert 31 (base 11) to base 3.
1021
0 (base 4) to base 2
0
a (base 13) to base 16
a
Convert -9 (base 11) to base 6.
-13
What is 244 (base 7) in base 6?
334
Convert 1001 (base 2) to base 8.
11
What is 5 (base 16) in base 10?
5
Convert -2 (base 16) to base 13.
-2
2 (base 16) to base 10
2
What is -7 (base 8) in base 11?
-7
Convert -12 (base 10) to base 6.
-20
-16 (base 9) to base 5
-30
-6 (base 14) to base 10
-6
1 (base 4) to base 14
1
What is 220 (base 10) in base 15?
ea
What is 1 (base 9) in base 7?
1
4 (base 13) to base 12
4
What is 44 (base 7) in base 10?
32
What is 3 (base 14) in base 6?
3
What is -1033 (base 5) in base 4?
-2033
What is 3 (base 5) in base 15?
3
115 (base 6) to base 4
233
What is -200 (base 3) in base 7?
-24
2 (base 3) to base 4
2
-200 (base 5) to base 12
-42
What is 4 (base 14) in base 11?
4
18 (base 11) to base 15
14
What is -1 (base 7) in base 14?
-1
-38 (base 13) to base 16
-2f
What is 213 (base 11) in base 5?
2011
What is 133 (base 4) in base 8?
37
What is 0 (base 12) in base 5?
0
What is -59 (base 10) in base 5?
-214
10 (base 5) to base 6
5
-67 (base 9) to base 14
-45
-8 (base 11) to base 8
-10
Convert 3 (base 11) to base 12.
3
What is 262 (base 9) in base 13?
13a
-230 (base 6) to base 9
-110
Convert 13 (base 9) to base 10.
12
-1 (base 15) to base 9
-1
23 (base 6) to base 2
1111
-531 (base 7) to base 2
-100001011
Convert 1 (base 13) to base 14.
1
What is 5 (base 7) in base 13?
5
Convert 2 (base 13) to base 3.
2
36 (base 9) to base 12
29
Convert 24 (base 7) to base 5.
33
9 (base 12) to base 14
9
What is -5 (base 11) in base 15?
-5
-d5 (base 14) to base 8
-273
3 (base 5) to base 7
3
Convert 2c (base 13) to base 8.
46
What is 1100 (base 2) in base 9?
13
Convert 0 (base 11) to base 9.
0
Convert 0 (base 14) to base 3.
0
What is -123 (base 5) in base 10?
-38
Convert -10 (base 16) to base 2.
-10000
26 (base 13) to base 16
20
Convert 1 (base 13) to base 2.
1
Convert 54 (base 11) to base 3.
2012
What is -50 (base 16) in base 12?
-68
25 (base 14) to base 9
36
22002 (base 3) to base 2
11011010
Convert -3e (base 16) to base 4.
-332
What is -220 (base 5) in base 14?
-44
10 (base 7) to base 10
7
What is 5 (base 9) in base 11?
5
What is -75 (base 8) in base 14?
-45
-59 (base 11) to base 6
-144
Convert 0 (base 13) to base 6.
0
Convert 3 (base 5) to base 2.
11
-24 (base 12) to base 2
-11100
Convert 138 (base 13) to base 16.
d8
Convert -1 (base 8) to base 13.
-1
-7 (base 12) to base 3
-21
Convert 1001100 (base 2) to base 8.
114
Convert -430 (base 6) to base 11.
-138
What is -51 (base 15) in base 13?
-5b
12 (base 3) to base 9
5
What is -29 (base 11) in base 13?
-25
What is -2b (base 14) in base 15?
-29
What is -124 (base 9) in base 16?
-67
What is 1 (base 11) in base 15?
1
Convert -a (base 15) to base 7.
-13
-6 (base 13) to base 2
-110
1c (base 15) to base 5
102
-13 (base 8) to base 6
-15
What is -300 (base 5) in base 12?
-63
What is 22 (base 13) in base 14?
20
Convert -103 (base 15) to base 13.
-147
Convert 3 (base 6) to base 16.
3
-11000 (base 2) to base 14
-1a
What is 3 (base 15) in base 8?
3
Convert 10 (base 2) to base 11.
2
Convert -16 (base 11) to base 3.
-122
-220 (base 3) to base 16
-18
Convert 6 (base 10) to base 8.
6
Convert -11020 (base 4) to base 12.
-234
11 (base 3) to base 4
10
What is 268 (base 9) in base 2?
11100000
-54 (base 9) to base 15
-34
-54 (base 6) to base 5
-114
-44 (base 11) to base 12
-40
-201 (base 5) to base 15
-36
Convert -42 (base 11) to base 6.
-114
Convert -2 (base 13) to base 10.
-2
-2 (base 15) to base 2
-10
What is 53 (base 6) in base 11?
30
Convert 422 (base 5) to base 14.
80
d (base 16) to base 5
23
1 (base 7) to base 13
1
Convert 0 (base 5) to base 7.
0
Convert -b (base 15) to base 4.
-23
54 (base 12) to base 16
40
Convert -30 (base 16) to base 11.
-44
Convert 58 (base 15) to base 7.
146
What is 0 (base 9) in base 4?
0
What is -1 (base 6) in base 5?
-1
What is 59 (base 12) in base 5?
234
What is -1110001 (base 2) in base 14?
-81
What is -25 (base 12) in base 9?
-32
What is -151 (base 7) in base 9?
-104
-62 (base 14) to base 6
-222
-3d (base 16) to base 10
-61
Convert -5 (base 13) to base 5.
-10
-101 (base 4) to base 15
-12
What is 27 (base 9) in base 11?
2